ermine u(k).
-18
Let o(q) = -q - 2. Suppose 0 = 12*a - 15*a + 45. Suppose 4*p = -1 - a. What is o(p)?
2
Let o(q) = 42*q**2 + q + 2*q - 8 - 41*q**2 + 3 - 3. Let t be 65/(-10) + (-2)/(-4). Determine o(t).
10
Let z(c) = -c**3 + 5*c**2 + 5*c + 8. Let w(r) = 2*r - 8. Let d be w(7). Let v be z(d). Let f(g) = -6*g + g**3 + 5*g**v - 4*g**2 + g**2 - 5. Determine f(-4).
-13
Let t(j) = -2*j - 3. Let k be t(-9). Let n(q) = q - 2. Calculate n(k).
13
Let s(j) = -15*j**2 + j - 1. Let u = -25 + 99. Let c = u - 73. Give s(c).
-15
Let k(l) = 3*l**3 + 2*l + l - 4*l. Let u be ((-2)/(-27) - 784/378)*(-1)/(-2). Give k(u).
-2
Let p(b) be the first derivative of -5*b**2/2 - 15*b + 326. Give p(-3).
0
Let r(o) = o**3 - 2*o**2 - 3*o - 3. Suppose -11*f + 6*f = -15. Calculate r(f).
-3
Let u(x) = -3*x + 2. Let r(g) = g**2 + 30*g + 6. Let a be r(-30). Let k be -2*a/(-4) + -1. Determine u(k).
-4
Suppose -3*b = 5*v - 16, 3*b - 2*v = -v - 14. Let q(y) = 5*y**2 + 10*y + 20. Let k be q(-9). Let g(f) = -3*f**2 - f**3 + f**2 - k - f + 332. Give g(b).
9
Suppose 81*h - 330 = 15*h. Let y(q) = -1 + 3*q + 0*q - 5*q**2 + 4*q**2. What is y(h)?
-11
Let p(y) be the second derivative of -y**4/12 + 7*y**3/6 - 3*y**2 - 104*y. Determine p(4).
6
Let o(x) be the second derivative of -x**5/20 - 5*x**4/12 + x**3/3 + 3*x**2 + 2*x. Let g = 85 + -90. What is o(g)?
-4
Let a be (-2)/(-19) + (-220)/(-76). Let m(j) = a + 0 - j + 0. Give m(3).
0
Let w(h) = 6*h**3 - 33*h**2 + 4*h - 4. Let z(g) = 5*g**3 - 27*g**2 + 3*g - 5. Let n(u) = 4*w(u) - 5*z(u). Calculate n(4).
-3
Suppose 0 = -8*g - 6*g - 70. Let m(p) = -p**3 - 4*p**2 - 1. Determine m(g).
24
Let o(b) = b**3 - 8*b**2 - 2*b + 8. Suppose -5*k - 23*r = -22*r - 38, 0 = -r - 2. Give o(k).
-8
Let d(j) = 7*j - 3 - 4*j**2 + 3*j**2 + 2*j**2 - 2*j. Let f be 15/13 - (-4)/(-26). Suppose p = -f - 3. Calculate d(p).
-7
Let o(m) = -2*m - 22. Let k be o(-8). Let j(i) = 4*i + 11. Let z(d) = 4*d + 10. Let c(y) = 6*j(y) - 7*z(y). Determine c(k).
20
Let g(z) = 22*z**2 - 4*z + 7. Let p(n) = n**2 - n + 1. Let k(b) = g(b) - 6*p(b). Determine k(-1).
15
Let j be -9*((-8)/16 - 3/(-18)). Let x(l) = -l**2 + 3*l + 2. What is x(j)?
2
Let h(x) be the third derivative of -x**5/60 - x**4/24 - 5*x**3/6 + 3*x**2. Suppose 3*d + 4*s - 12 = -4, 5*d = -4*s. Give h(d).
-17
Let r(y) = y - 14. Suppose 0 = 2*v - 2*t + 2, 5*v - 3 = -2*t - 1. Suppose 18 = 3*l - 0*f - 4*f, 4*l - 2*f - 24 = v. Give r(l).
-8
Let u(x) = -7*x**3 - 7*x**2 - 15*x + 5. Let d(z) = -3*z**3 - 3*z**2 - 7*z + 2. Let i(k) = 9*d(k) - 4*u(k). Let q = 6 - 10. Let f = 2 + q. Determine i(f).
0
Let o(t) = -5*t**2 - 19*t + 4. Suppose 6 + 16 = 2*x. Let n(d) = 5*d - 3*d**2 - 10*d - 5*d + 2. Let m(h) = x*n(h) - 6*o(h). Give m(2).
-6
Let c(s) be the third derivative of -s**5/120 - s**4/12 + 3*s**3/2 + 5*s**2. Let g(v) be the first derivative of c(v). Calculate g(6).
-8
Let t(j) = -3*j**3 - 11*j**2 + 10*j + 6. Let h(u) = -4*u**3 - 12*u**2 + 11*u + 7. Let a(g) = 4*h(g) - 5*t(g). Let c = 320 - 315. Calculate a(c).
18
Let c(k) be the second derivative of k**5/20 + 5*k**4/12 - 3*k**2 - 134*k. Give c(-5).
-6
Let a be (-24)/(-9) + (-5)/(-15). Let d(z) = 2 + 0*z - z - a. Suppose 17 = -5*x + 4*c, 3*x - 4*x + 3*c - 10 = 0. Calculate d(x).
0
Let s(u) be the third derivative of u**7/5040 + 8*u**5/15 + 5*u**2. Let r(p) be the third derivative of s(p). Give r(6).
6
Let u(q) = -2*q**3 + 2*q**2. Let g(m) = -6*m**2 - 187*m - 29. Let a be g(-31). Give u(a).
-8
Let b(d) = -d**2 - 9*d - 3. Let h = -158 + 361. Suppose -4*c + 171 = h. Calculate b(c).
5
Suppose 19*z - 14*z - 50 = 0. Let m(r) = r**2 + 4 + 3 + z*r - 8. What is m(-6)?
-25
Suppose 3*v = 3*r, -16 = -r - 3*r. Suppose -v*f + 14 + 10 = 0. Let j(y) be the first derivative of -y**3/3 + 2*y**2 + 8*y + 5. Calculate j(f).
-4
Let s(k) = k**3 - 10*k**2 + 2*k - 4. Let w be s(10). Let g = 22 - w. Let l(q) = -q + 5. Calculate l(g).
-1
Let x(c) = c**3 - c + 13. Let o(y) = -3*y**3 + 3*y**2 + y - 26. Let p(t) = 2*o(t) + 5*x(t). Determine p(6).
-5
Suppose 4*f + 2*q - 2 = 5*f, -2*q - 2 = 0. Let t(d) = d - 1. Let g(y) = y**3 + 5*y**2 + 8*y - 2. Let a(c) = -g(c) + 4*t(c). What is a(f)?
-2
Let p(o) be the second derivative of o**5/20 + o**4/2 + o**3 - o**2 - 112*o. Suppose 5*s + x + 25 = -x, s + 5 = -x. Give p(s).
-7
Let g be ((-156)/273)/((-10)/(-7))*5. Let k(l) = 21*l + 6. Determine k(g).
-36
Let r(c) = c**2 - 2 - 27*c + 25*c - 2 - 2*c**2 + 5*c. Give r(3).
-4
Let r(i) = -i**2 + i + 5. Let b be (-2)/(0 - 4/(-14)). Let j(w) = -w**3 - 7*w**2 + w + 3. Let q be j(b). Let h be q/(-22) + 18/(-99). Calculate r(h).
5
Let j(m) = 10 - 6*m - 8 - 10 + 2 - 4. What is j(-5)?
20
Let g = 655 + -657. Let j(u) = -3*u**2 - 5*u - 2. Determine j(g).
-4
Let i(b) = -2*b + 9. Let c(w) = 3*w - 9. Let q(g) = -3*c(g) - 4*i(g). Let x(u) = 31*u + 1106. Let y be x(-36). Determine q(y).
1
Let m = -126 + 132. Let b(o) = 3*o - 1. Give b(m).
17
Suppose -2*v - 70 = -12*v. Let x(t) be the third derivative of t**5/60 - t**4/3 + 3*t**2. What is x(v)?
-7
Let r(h) = -h + 10. Let w be r(-4). Let k(j) = -3*j - 4. Let p be k(4). Let o = p + w. Let y(z) = -z**3 - 2*z**2 + z + 1. Give y(o).
-1
Let n(i) = i + 5. Let s(f) = 4*f + 19. Let d(r) = -9*n(r) + 2*s(r). Let y(a) = 1. Let z = 1465 - 1467. Let l(j) = z*y(j) + d(j). What is l(-4)?
-5
Let m(o) = -o**3 + 11*o**2 - 15*o + 21. Let j(g) = 4*g**3 - 43*g**2 + 61*g - 86. Let q(d) = 2*j(d) + 9*m(d). Calculate q(12).
5
Let x(n) = -n**3 + 16*n**2 + 18*n - 9. Let i be x(17). Let f(q) = 6*q - 44 + 34 - q**2 + 3*q + q. Give f(i).
6
Let o = 4 - 1. Suppose 4 = -c - 4*h + o, -3*c = 4*h - 29. Let n(t) = -15*t**2 + 2 + c*t**2 + t - t**3. Determine n(0).
2
Let h(w) be the second derivative of -5*w**4/24 - 5*w**3/6 - 7*w**2 - 10*w. Let y(j) be the first derivative of h(j). Let z = -11 - -6. Determine y(z).
20
Let g(q) = -q - 9. Let r(t) = t**2 + 6*t + 4. Let d be r(-6). Let b be -3 + 2 - (-6)/2. Suppose 2*k - d = -u + b, -3*u - 12 = -4*k. Determine g(u).
-9
Let q(p) be the second derivative of 7/6*p**3 + 11/2*p**2 + 0 + 16*p - 5/6*p**4 + 1/20*p**5. Determine q(9).
-7
Let x(q) be the first derivative of -q**4/4 - 2*q**3 + 3*q**2 - 3*q + 4. Let m be x(-7). Suppose -l + 1 = m. Let z(d) = d + 4. Determine z(l).
1
Let j(t) be the second derivative of t**8/6720 - t**7/1260 - t**6/240 - t**5/40 + 7*t**4/12 - 12*t. Let x(d) be the third derivative of j(d). Calculate x(4).
17
Let b(s) be the first derivative of s**2 - 5*s + 166. Calculate b(-9).
-23
Let r(m) = -m**3 - 8*m**2 + 3*m + 6. Let v(n) = -n**2 - 4*n + 24. Let t be v(-8). What is r(t)?
-18
Let o(t) be the third derivative of t**5/30 + t**4/8 - 16*t**3/3 - 2*t**2. Let v(i) be the first derivative of o(i). Calculate v(-2).
-5
Suppose -11 = -4*n + 9. Let g(k) = -4*k**2 + 25*k. Let r(w) = -2*w**2 + 13*w. Let s(l) = -6*g(l) + 11*r(l). Give s(n).
15
Let g(y) = -2*y - 35. Let r(j) = -6*j**2 + 25*j - 15. Let w be r(4). Give g(w).
-13
Let d(t) = -t**3 - t**2 + 6. Suppose 0 = 18*c - 15*c - 45. Let w be (-3 - c/(-6))*(-2 + 2). Give d(w).
6
Let o be 1 + (-7)/(35/(-30)). Let t(n) = -n**3 - 2*n + o*n**2 - 9*n**2 - 6 - 4*n**2. Determine t(-6).
6
Let u(j) = 3*j. Suppose 0 = -3*k - 15, m = -3*m - 3*k - 39. Let x = m - -2. Let o = x - -5. Calculate u(o).
3
Let x(z) = -9*z + 25*z - 12*z - 2*z - 3*z + 4. Give x(5).
-1
Let h = 0 - -5. Suppose -h*n - 4 - 1 = 0. Let o(i) = 4*i**2 - i + 3. Let c(j) = -20*j**2 + 6*j - 16. Let a(z) = 2*c(z) + 11*o(z). Determine a(n).
4
Let l(p) = -p**2 + 1. Let c(u) = -u**2 - 70*u - 67. Let h be c(-69). Determine l(h).
-3
Let k be 1/(0 + (-3)/63). Let i = -28 - k. Let r(f) = f**2 + 7*f - 1. Calculate r(i).
-1
Let m(x) be the first derivative of -x**2/2 + 4*x - 21. Let t be 0 + (-5 - (-1 - 1)). Let l = t - -3. Give m(l).
4
Suppose 10 = u - 2*x, x = 11*u - 13*u. Let k(l) = -7*l + 5. Calculate k(u).
-9
Let a = -658 - -658. Let x(i) be the first derivative of i**2/2 - i - 1. Determine x(a).
-1
Let p(h) = 2*h**2 - 6*h - 3. Suppose 2*n = -5*k - 12, 3*n = -2*k - k. What is p(n)?
5
Let b(y) = -y**3 + 7*y**2 - 5*y + 4. Let m be b(6). Suppose 0 = -4*o - 5*g + m, -3*g + g = -o - 4. Let w be (o - 0)/(-7 - -5). Let u(v) = v + 6. Determine u(w).
6
Let j(n) = 2*n + n - n + 2*n. Let o = 16 - 14. Let l(u) = u. Let z be l(o). Give j(z).
8
Let s = 20 - 16. Let p(o) = -6*o**2 + 642*o - 